2400
In base 14, what is -173ab3b2 + 7?
-173ab3a9
In base 4, what is -210113232 - -201?
-210113031
In base 8, what is -17510551 + -3?
-17510554
In base 16, what is 180dba + -5?
180db5
In base 2, what is -1001001110010 - 101111111011?
-1111001101101
In base 2, what is 1100011110 + 101010000001110?
101011100101100
In base 13, what is 8c486 - 256?
8c230
In base 14, what is 3c3c7 - 700?
3bac7
In base 2, what is -1 - 1100111100111010001000010?
-1100111100111010001000011
In base 12, what is 8 + -1226a269?
-1226a261
In base 15, what is -176b + 53d?
-122d
In base 7, what is -150346555 - 23?
-150346611
In base 9, what is 14 - -16608885?
16610010
In base 6, what is 1221 + 13254410?
13300031
In base 4, what is 12003203 - -33133?
12103002
In base 16, what is 4eb9199 - a?
4eb918f
In base 4, what is -13 - 113322303?
-113322322
In base 3, what is -10221202100112112 + 11?
-10221202100112101
In base 3, what is -2210 - 120102212000?
-120102221210
In base 13, what is -b + 786629?
78661b
In base 12, what is -5 + -1146145?
-114614a
In base 16, what is 5f - 3fa3a?
-3f9db
In base 4, what is -311310133121 - 2121?
-311310201302
In base 15, what is -a + -234b52?
-234b5c
In base 11, what is -1a1 - 334793?
-334984
In base 9, what is -1127103615 - -2?
-1127103613
In base 6, what is 10 + 3045434?
3045444
In base 9, what is 52854026 - 0?
52854026
In base 11, what is 1 - -6849680?
6849681
In base 13, what is aca02a0 - 1b?
aca0282
In base 2, what is 101 - -10000000100010001101001100?
10000000100010001101010001
In base 10, what is -348 + -231?
-579
In base 16, what is -5d + 961b3c?
961adf
In base 15, what is -19e3b9a + 1?
-19e3b99
In base 14, what is 9 + -5a2d886?
-5a2d87b
In base 14, what is c8995c + -14?
c89948
In base 3, what is 1021201210121010122 - 0?
1021201210121010122
In base 7, what is -42122 - 130401?
-202523
In base 16, what is 2 + -260a6a7?
-260a6a5
In base 9, what is -1513780470 - 0?
-1513780470
In base 7, what is 1563142353 - 10?
1563142343
In base 14, what is -db0 - -6cd2?
5d22
In base 4, what is -2 + -230031110000?
-230031110002
In base 10, what is 104516547 + 0?
104516547
In base 16, what is -3d + -1e205?
-1e242
In base 9, what is 5 - 1152888?
-1152883
In base 8, what is -2 - -20103530?
20103526
In base 8, what is -521776303 + -4?
-521776307
In base 14, what is 9582a + 209?
95a35
In base 4, what is 3320031102131 - 2?
3320031102123
In base 3, what is 12012 - 212010201120?
-212010112101
In base 5, what is 40334 + 124130?
220014
In base 5, what is 202124 + -12221?
134403
In base 11, what is -923 - -3263?
2440
In base 6, what is 144401212255 - -4?
144401212303
In base 15, what is -8 + 897da7?
897d9e
In base 15, what is 1a20137 - 4?
1a20133
In base 9, what is -151 + -17305?
-17456
In base 4, what is 1 + 310313320212?
310313320213
In base 6, what is 14 - 1403032004?
-1403031550
In base 15, what is -70 + 130a8e?
130a1e
In base 8, what is -11554 + -442661?
-454435
In base 14, what is -42dd94b - -c?
-42dd93d
In base 7, what is 2631 - -5014625?
5020556
In base 14, what is -69b9261 - 3?
-69b9264
In base 3, what is -10221120 + -1021102102?
-1102100222
In base 12, what is 19 + -4462145?
-4462128
In base 9, what is -1 + 304172230?
304172228
In base 7, what is 2 - -1316021203?
1316021205
In base 8, what is 7402 + 2264?
11666
In base 5, what is -213101 - -102043?
-111003
In base 15, what is 8c082b2 - -4?
8c082b6
In base 10, what is 840761 - 3?
840758
In base 13, what is -ab9 - 1534?
-2320
In base 6, what is 11104 + -22315?
-11211
In base 12, what is 6b - -106532a?
1065399
In base 10, what is 24102797 - 5?
24102792
In base 12, what is -2a46715 + 8?
-2a46709
In base 6, what is -45 + 12040442?
12040353
In base 13, what is 2 + 2bba9a59?
2bba9a5b
In base 6, what is -20 + 2402421151?
2402421131
In base 11, what is -a839 - 1203?
-10a41
In base 4, what is -10 + 2031222313?
2031222303
In base 5, what is -3011114 - -34?
-3011030
In base 9, what is 188 - -263174?
263373
In base 14, what is 13 - 1851?
-183c
In base 2, what is 1000000000011101001101001 - -1111?
1000000000011101001111000
In base 13, what is -11 + -205284?
-205295
In base 16, what is -4d9496 + -a?
-4d94a0
In base 10, what is -95 + -4176?
-4271
In base 7, what is 43230 - 1035?
42162
In base 3, what is -1 - 11212210221112100?
-11212210221112101
In base 3, what is 110100221100 - 2122?
110100211201
In base 4, what is -13 - 2310023103?
-2310023122
In base 13, what is -4210 - 48?
-4258
In base 2, what is -101011 + -10010011100101110110101?
-10010011100101111100000
In base 13, what is -36 - -14723b?
147205
In base 5, what is 221000444 + 3?
221001002
In base 3, what is -10212 + 102110222210?
102110211221
In base 15, what is d9 + -1dbbab?
-1dbac2
In base 2, what is 1110001100111 - 11001110101?
1010111110010
In base 12, what is -5166676 - -4?
-5166672
In base 3, what is 21000002200211210 - 11?
21000002200211122
In base 6, what is -12 - 124405222?
-124405234
In base 8, what is -10121714 + 55?
-10121637
In base 13, what is -1278274 - -5a?
-1278217
In base 11, what is 15a9 + -4a6?
1103
In base 16, what is -84e211b - -5?
-84e2116
In base 8, what is 107034 + 3522?
112556
In base 10, what is 468 + -1390?
-922
In base 10, what is 3418442 + 46?
3418488
In base 10, what is 72702 + -11532?
61170
In base 3, what is 102201 + 211102101?
211212002
In base 2, what is -1111110110011 + -1110011101010?
-11110010011101
In base 6, what is -320534 + 1533?
-315001
In base 13, what is -4ca0106 - -4?
-4ca0102
In base 7, what is -3453131 - -42?
-3453056
In base 16, what is 19f + -2eaf23?
-2ead84
In base 16, what is 3c + 26ff4?
27030
In base 2, what is 1011 + 10000101101001100101111?
10000101101001100111010
In base 13, what is 10 + 60218?
60228
In base 9, what is 4 - -138111620?
138111624
In base 8, what is 11266017 - -57?
11266076
In base 14, what is 1 - -17c88c9?
17c88ca
In base 2, what is -10001111010011100000110 + -100?
-10001111010011100001010
In base 3, what is 110212110100112 - -11?
110212110100200
In base 14, what is -25 - -264350?
264329
In base 3, what is -210011011110110 - 1?
-210011011110111
In base 9, what is 10 + -173583?
-173573
In base 10, what is -20832 + 468?
-20364
In base 11, what is 170 + -752876?
-752706
In base 5, what is 3413022404 + -101?
3413022303
In base 14, what is 4 - -243091?
243095
In base 8, what is -60 + 22315015?
22314735
In base 9, what is 1 + 21646615?
21646616
In base 4, what is -10021 - -3010003?
2333322
In base 15, what is 9 - 1a86c8?
-1a86be
In base 11, what is -1083544 - 60?
-10835a4
In base 16, what is -57 - fe0b?
-fe62
In base 9, what is -8 - -604382?
604373
In base 8, what is 1711206 - 1237?
1707747
In base 2, what is 111111101111011101001 + 0?
111111101111011101001
In base 8, what is -1252 + 536654?
535402
In base 12, what is -aa + -87a16?
-87b04
In base 5, what is -122340 + 22433?
-44402
In base 9, what is -728140 - -23?
-728116
In base 8, what is -1 - -216257465?
216257464
In base 9, what is -118243161 + 6?
-118243154
In base 16, what is 96e10 - 2a?
96de6
In base 4, what is 22033 + -11002123?
-10320030
In base 10, what is 18255 - 28067?
-9812
In base 3, what is 110100001021001 - -10?
110100001021011
In base 10, what is 40364015 + 0?
40364015
In base 3, what is 10122011 - -221212?
11121000
In base 15, what is 6b4 - -6b83?
7347
In base 2, what is -101 + -111111001001001010101010?
-111111001001001010101111
In base 16, what is 11e - -23733?
23851
In base 3, what is 11100220112 + 20110010?
11121100122
In base 12, what is -4b + 75381?
75332
In base 5, what is 1402100231 + -10?
1402100221
In base 15, what is 5 - -ebd9a81?
ebd9a86
In base 4, what is -11230023 - 102021133?
-113311222
In base 3, what is -10022000222 - 12?
-10022001011
In base 11, what is -1427248 - -1?
-1427247
In base 15, what is b9d109ec + -1?
b9d109eb
In base 14, what is -2 + -1284c82?
-1284c84
In base 4, what is 1100313 + -212330?
221323
In base 4, what is 1212021113 - -100?
1212021213
In base 6, what is 45030333351 + 0?
45030333351
In base 8, what is -665 + 67002?
66115
In base 13, what is -6b6a334 + -3?
-6b6a337
In base 4, what is -1011002 + 1033023?
22021
In base 3, what is -100200122010202 + 2?
-100200122010200
In base 13, what is -28a985 - -3?
-28a982
In base 9, what is 874 + -13610?
-12625
In base 7, what is 63121 - -522?
63643
In base 10, 